e o(-3). Suppose -3*b - 18 = -a + 4*a, 4*b + f = -a. Let g(x) = -x**3 - 8*x**2 - 9*x - 1. What is the tens digit of g(b)?
1
Let b(w) = -4*w. Let q be b(-1). What is the tens digit of -6*2/q + 13?
1
Let m(a) = -a**3 + 17*a**2 + 4*a - 39. What is the tens digit of m(17)?
2
Let r = 73 - 27. What is the tens digit of r?
4
Suppose 0 = -4*w - 5*z + 60, 5*w - 5*z = 22 + 8. Suppose -4*b + 40 = 4*l, 3*l - b = 4*b - 10. Let u = w - l. What is the units digit of u?
5
Suppose 3*d - 19 + 1 = 0. What is the units digit of d/5*(-1540)/(-42)?
4
Let q be 3/(-15) - 63/(-15). Suppose m + 72 = 4*r, -2 = q*r - 2*m - 70. What is the tens digit of r?
1
Let f = -18 - -35. Let b = f - -1. Let a = 25 - b. What is the units digit of a?
7
Let m(f) = f**2 + 4*f + 2. Let c be m(-4). Suppose c*v = 1 + 5. Let a = -2 + v. What is the units digit of a?
1
Let b = 29 - 29. Suppose b = -6*i + 3*i + 42. What is the tens digit of i?
1
Let k(x) = -x**2 - 2*x + 4. Let r be k(-3). Let b(l) = l**2 - l - 4. Let i be b(0). Let a = r - i. What is the units digit of a?
5
Let i be (1 + 1)*42/4. What is the units digit of (72/i)/((-4)/(-28))?
4
Suppose 3 = 4*k - 3*k. Suppose 4*s - 55 = g, k*s - 54 = -0*g + 5*g. What is the units digit of s?
3
Let f be -3 - (33 - -3) - 2. Let l = f - -59. What is the tens digit of l?
1
Let z(r) = -r**3 + 4*r**2 + 5*r + 5. Suppose 5*f = l - 19, 2*f = -3*l - 6 - 5. Let t(m) = -m**2 - 4*m + 5. Let j be t(f). What is the units digit of z(j)?
5
Let f(r) = 5*r - 1. What is the units digit of f(4)?
9
Let l(m) = 4*m - 3. What is the units digit of l(3)?
9
Let l be 0 + -2 + 12 + -4. What is the units digit of l/9 + (-64)/(-12)?
6
Let f be 56/24*(-12)/1. Let g = -9 - f. What is the tens digit of g?
1
Let t = 60 - 38. Let b = -20 - -11. Let h = b + t. What is the tens digit of h?
1
Suppose 3*l + 0*i - 4*i + 10 = 0, 5*i = 5*l + 10. Let t be 1*2*2/4. Suppose -o + t = -l. What is the units digit of o?
3
Let t = 13 + -6. What is the units digit of t?
7
Suppose 0 = -4*y + y + 54. Let q = y - 11. Suppose 14 = -5*g + q*g + 4*r, 3*r - 18 = -3*g. What is the units digit of g?
5
Suppose -1 - 5 = -3*p. Suppose -3*w - 126 = -3*s, 7*s - 209 = p*s + 4*w. Suppose 3*a - s = -8. What is the units digit of a?
1
Let p(k) = k**3 - 10*k**2 + 12*k + 9. What is the tens digit of p(9)?
3
Suppose 4*u - u = 30. Suppose 102 = 3*r - 3*l, -5*l + 62 = 2*r - u*l. What is the units digit of r?
6
Let p(y) be the third derivative of -y**5/60 - y**4/4 + 7*y**3/6 + 3*y**2. Let x be p(-7). Suppose 2*c - 3*c + 2 = x. What is the units digit of c?
2
Let s = 91 - 59. What is the units digit of s?
2
Let o(p) = p**2 - 3*p - 43. What is the hundreds digit of o(-12)?
1
What is the tens digit of (-5)/((-45)/(-6)) + (-221)/(-3)?
7
What is the tens digit of 0 - (-2 - -4) - -266?
6
Suppose 133 - 28 = 5*l - 5*g, -2*g = 4*l - 78. What is the units digit of l?
0
Suppose 2*p - 7*p - 15 = 0. Let b be (-32)/4*p/6. Suppose 4*k - c - 48 = 0, -3*c - c - 60 = -b*k. What is the tens digit of k?
1
Let t(x) = -x + 2. Suppose -5*d - 19 = 21. Let u be t(d). Let v = -5 + u. What is the units digit of v?
5
Let h be (-6)/8*(-12)/3. Suppose -2*w + h*w = 20. What is the units digit of 8/w - 38/(-5)?
8
Let i be -2 + 2 + -1 - -8. Suppose 3*s - 74 = i. What is the units digit of s?
7
Let x be ((-1)/(3/12))/(-1). What is the tens digit of (-2)/(x*(-2)/92)?
2
Suppose 5*y + 2*h - 117 = 0, -2*h + 84 = 3*y + 13. What is the tens digit of y?
2
Suppose 3*q + 0 = 45. What is the units digit of q?
5
Let x be (-4)/4*-3 + 1. Suppose i - 18 = -i. What is the units digit of (x/(-2))/((-6)/i)?
3
What is the tens digit of -1*14/4*-8?
2
Let l = 236 + -142. What is the tens digit of l?
9
Let m = -4 + 8. Let s(q) = q**2 - 3*q + 4. Let l be s(m). Let u = l - 5. What is the units digit of u?
3
Let c be 0/((2 + -4)*1). Suppose 2*a + a - 6 = c, -5*y + 40 = 5*a. Suppose 3*b + 2*u - 6*u + 17 = 0, 0 = b + u - y. What is the units digit of b?
1
Let t(z) = z**3 + 9*z**2 + 9*z + 9. Let d be t(-8). Let s(m) = -8*m**2 + 4*m + 5. Let q(o) = o + 1. Let w(b) = 4*q(b) - s(b). What is the units digit of w(d)?
7
Let d(k) = k**2 - 6*k + 5. Suppose -5*x + 3*o = -0 + 3, -o + 1 = 2*x. Suppose x*i = 4*i - 28. What is the units digit of d(i)?
2
Let k(d) = -d - 2. Let c be k(-6). Suppose s - 40 = -2*n + c*s, -s = 0. Let r = 36 - n. What is the units digit of r?
6
Let h be ((-3 - 15)/(-3))/2. What is the units digit of 4 - (0 - (-3)/h)?
3
Let x(q) = 2*q**2 - 7*q + 6. What is the tens digit of x(5)?
2
Suppose -w = 5*y - 59, -y + 2*w + 3 = -0*y. Suppose 0 = v - 2*v + y. Suppose 3*d + 0*d = u - v, 2*u - 11 = -5*d. What is the units digit of u?
8
Let t = 5 - 5. Let o be -1 + 2 + 3 + -1. Suppose o*j + 3*l - 6 = 0, -j - l + 4*l - 2 = t. What is the units digit of j?
1
Let h be 16/6 - (-2)/6. Suppose -d + 5*w = 4, -w = h*w - 20. What is the tens digit of d?
2
Let d(q) = q**2 - 4*q - 25. What is the units digit of d(-10)?
5
Suppose 0 = -3*r - 2*d - 0*d - 7, -2*r - d = 3. What is the units digit of r?
1
Suppose -6*h = -114 - 186. What is the units digit of h?
0
Let i = -122 - -241. What is the hundreds digit of i?
1
Let t(h) = h**3 + h - 4. Let l be t(0). What is the tens digit of 1 - (-1 + l*2)?
1
Let x(c) = c**2 - 9*c + 12. What is the units digit of x(8)?
4
Let k be (-2)/(-3) + (-30)/(-9). Suppose 3*h - k = h. What is the units digit of h?
2
Let l be (-1 - 0)*(-9)/(-9). What is the units digit of l/(4 - (-75)/(-18))?
6
Suppose -5*w + 5*s = -3*w + 30, w + s + 15 = 0. What is the units digit of 17/3 - 5/w?
6
Suppose -3 - 3 = z. Let q(y) = -y**3 - 5*y**2 + 2*y - 5. Let s be q(-6). Let g = z + s. What is the tens digit of g?
1
Let w(h) = 13*h. Let c be w(1). What is the tens digit of c + (-5)/(15/(-6))?
1
Let o = 2 + -3. What is the tens digit of (1*o)/(5/(-155))?
3
Suppose -2*n = 7 + 1. Let u = -1 - n. Suppose c + 2*c - u*z = 6, 0 = c + z. What is the units digit of c?
1
Suppose 0 = 3*y - 7 - 5. Suppose -5*g - 18 = -4*a, 2*a = -0*a + y*g + 12. What is the units digit of a?
2
What is the units digit of (-259)/(-14) - 6/(-4)?
0
Suppose 4*o + 5*b + 43 = 5*o, -3*b = -9. What is the units digit of o?
8
Let l = -7 + 11. Let o = 12 - l. What is the units digit of o?
8
Suppose -5*l - 3*c = -15, -8 = -0*l - 3*l - 2*c. What is the tens digit of 6/9 + 122/l?
2
What is the tens digit of (2/5)/((-1)/(-30))?
1
Suppose -5*z + 2*z = -54. What is the tens digit of z?
1
What is the hundreds digit of (-1052)/(-7) + (-16)/56?
1
Let s = 10 - -20. What is the tens digit of s?
3
Suppose 5*a - 3*d = 605, 3*a + 5*d - 145 - 252 = 0. What is the hundreds digit of a?
1
Let r(c) = 2*c - 8. Let b(o) = 2*o - 5. Let i be b(6). What is the units digit of r(i)?
6
Let b = 37 - 30. What is the units digit of b?
7
Let z be 3 + (1 + -2 - -1). Suppose z*l = l + 6. What is the units digit of l?
3
Let g = -58 + 85. What is the units digit of g?
7
Let n(p) = -p**2 + 181. What is the units digit of n(0)?
1
Let i = 248 - 148. Suppose -p + 33 = 5*q, -4*q = 3*p + 34 - i. What is the tens digit of p?
1
Let t be (10 - 12)/(0 + -1). Suppose 5*h = t*h + 114. What is the units digit of h?
8
Suppose 3*n + 3*c - c - 301 = 0, -4*n - 3*c = -400. What is the units digit of n?
3
Let d be 2 - (16 + 2)/2. Let f = 13 + d. What is the units digit of f?
6
Let h(r) = 2*r**2 + r + 2. What is the units digit of h(6)?
0
Let a = 2 - -1. Suppose 5*l = 5*d - 62 - a, 46 = 4*d + 2*l. What is the tens digit of d?
1
Let s(a) = 2*a + 19. Let i be s(-13). Let b(k) = -k - 11. Let w be b(i). What is the units digit of (-11)/(-4) - w/16?
3
Let o = 3 + -3. Suppose 5*m - 158 + 43 = o. What is the units digit of m?
3
Let i(j) = j**3 - 6*j**2 + 7*j - 6. Let y be i(5). Let v(c) = -c**2 + 5*c - 3. Let b be v(y). Suppose 0 = -f, 6 = 5*z - 2*f + b. What is the units digit of z?
1
Suppose 2*j = -5*t + 35, -4*t + 35 = j + 2*j. Let k(m) = m**2 + m - 1. Let c be k(2). Suppose 2*y = 4*v + 1 + j, -c*y + 21 = -4*v. What is the units digit of v?
1
Let y = -5 + 9. Let t = 5 - 0. Suppose u + y*u - t = 0. What is the units digit of u?
1
Let h(d) = 4*d**2 + 7*d + 4. Suppose -18 = 3*z - 3*g, 5*z + 4*g = -0*z - 12. What is the tens digit of h(z)?
4
Suppose 9 = 4*o - o. Suppose -o*g + 23 = -118. What is the tens digit of g?
4
Suppose -5*m - 8 = -2*b, 0 = 3*b - 3 + 6. What is the units 